s digit of 1042433?
3
What is the hundred thousands digit of 485510351?
5
What is the thousands digit of 29193836?
3
What is the ten thousands digit of 76722214?
2
What is the millions digit of 1109210849?
9
What is the tens digit of 218107126?
2
What is the ten thousands digit of 7520338?
2
What is the tens digit of 25369263?
6
What is the hundred thousands digit of 202927545?
9
What is the tens digit of 37193114?
1
What is the hundreds digit of 771104778?
7
What is the ten thousands digit of 21491872?
9
What is the ten millions digit of 530082374?
3
What is the ten thousands digit of 44359597?
5
What is the units digit of 818783006?
6
What is the ten millions digit of 3588919777?
8
What is the hundreds digit of 81255963?
9
What is the ten millions digit of 5290876935?
9
What is the tens digit of 55493104?
0
What is the ten thousands digit of 60735943?
3
What is the hundred millions digit of 757362161?
7
What is the thousands digit of 11489339?
9
What is the hundreds digit of 4608647812?
8
What is the ten millions digit of 391642558?
9
What is the tens digit of 202368949?
4
What is the ten thousands digit of 415344151?
4
What is the ten millions digit of 22322467?
2
What is the ten millions digit of 140517055?
4
What is the millions digit of 10800484?
0
What is the hundred millions digit of 6013497119?
0
What is the hundreds digit of 1605857183?
1
What is the ten millions digit of 17551288?
1
What is the hundred thousands digit of 1945235386?
2
What is the ten thousands digit of 60830904?
3
What is the millions digit of 106963795?
6
What is the hundreds digit of 893747056?
0
What is the ten millions digit of 178200677?
7
What is the tens digit of 134793686?
8
What is the billions digit of 1243331483?
1
What is the ten thousands digit of 49000029?
0
What is the units digit of 455005195?
5
What is the tens digit of 132305292?
9
What is the millions digit of 35797308?
5
What is the ten millions digit of 473219903?
7
What is the ten thousands digit of 92018543?
1
What is the hundred millions digit of 4680725390?
6
What is the hundred thousands digit of 96904316?
9
What is the ten millions digit of 144423165?
4
What is the millions digit of 155311626?
5
What is the ten thousands digit of 220797006?
9
What is the hundred thousands digit of 231496591?
4
What is the hundreds digit of 49270835?
8
What is the units digit of 4169370354?
4
What is the hundreds digit of 1235075549?
5
What is the hundred thousands digit of 343217312?
2
What is the hundred thousands digit of 291643109?
6
What is the units digit of 120626069?
9
What is the units digit of 95569124?
4
What is the hundred thousands digit of 54609188?
6
What is the ten millions digit of 1313624429?
1
What is the ten millions digit of 2906789769?
0
What is the thousands digit of 1090234682?
4
What is the tens digit of 994385671?
7
What is the ten millions digit of 257814911?
5
What is the billions digit of 2919403744?
2
What is the hundred thousands digit of 161585344?
5
What is the thousands digit of 6959219048?
9
What is the ten millions digit of 6686251043?
8
What is the hundreds digit of 15613071?
0
What is the tens digit of 355925949?
4
What is the millions digit of 84387387?
4
What is the thousands digit of 418312855?
2
What is the ten thousands digit of 18594253?
9
What is the thousands digit of 10913560?
3
What is the ten millions digit of 114876983?
1
What is the thousands digit of 129186860?
6
What is the ten thousands digit of 7407500512?
0
What is the ten thousands digit of 4298154451?
5
What is the ten thousands digit of 26307583?
0
What is the hundred thousands digit of 452744866?
7
What is the units digit of 20684334?
4
What is the hundreds digit of 23104043?
0
What is the millions digit of 51669388?
1
What is the hundred thousands digit of 270432083?
4
What is the tens digit of 138630027?
2
What is the hundred millions digit of 295115060?
2
What is the tens digit of 13712308?
0
What is the hundreds digit of 8872935?
9
What is the thousands digit of 457109731?
9
What is the hundreds digit of 53688863?
8
What is the units digit of 46263540?
0
What is the ten millions digit of 282730175?
8
What is the thousands digit of 1069870403?
0
What is the hundred millions digit of 253317992?
2
What is the thousands digit of 7544187?
4
What is the hundred thousands digit of 283729015?
7
What is the ten millions digit of 425280594?
2
What is the units digit of 1034064871?
1
What is the tens digit of 5619585848?
4
What is the thousands digit of 817826888?
6
What is the units digit of 804152552?
2
What is the billions digit of 1576259269?
1
What is the millions digit of 799690717?
9
What is the ten thousands digit of 53495080?
9
What is the millions digit of 767985017?
7
What is the hundred thousands digit of 81273186?
2
What is the hundred thousands digit of 3002343?
0
What is the tens digit of 245894825?
2
What is the ten millions digit of 104585255?
0
What is the hundred thousands digit of 219583737?
5
What is the ten thousands digit of 1416913122?
1
What is the thousands digit of 31038665?
8
What is the hundred millions digit of 458520137?
4
What is the hundreds digit of 397051491?
4
What is the units digit of 29152522?
2
What is the billions digit of 1811128071?
1
What is the ten millions digit of 934099458?
3
What is the thousands digit of 3085721?
5
What is the units digit of 141512030?
0
What is the hundreds digit of 629011811?
8
What is the millions digit of 4431530?
4
What is the hundreds digit of 101328241?
2
What is the hundred millions digit of 124849296?
1
What is the thousands digit of 4363327942?
7
What is the units digit of 328569298?
8
What is the millions digit of 3331610476?
1
What is the ten millions digit of 42358135?
4
What is the hundred thousands digit of 726006309?
0
What is the units digit of 51735175?
5
What is the hundreds digit of 120991881?
8
What is the hundred thousands digit of 240411811?
4
What is the thousands digit of 189136461?
6
What is the ten millions digit of 105069540?
0
What is the hundreds digit of 45819566?
5
What is the billions digit of 2415946049?
2
What is the tens digit of 154346996?
9
What is the millions digit of 6213616307?
3
What is the ten millions digit of 35368848?
3
What is the ten thousands digit of 37919614?
1
What is the hundreds digit of 3700997954?
9
What is the units digit of 356853366?
6
What is the thousands digit of 37669661?
9
What is the thousands digit of 9499648?
9
What is the ten thousands digit of 357072012?
7
What is the hundred thousands digit of 2617201794?
2
What is the hundreds digit of 2500161389?
3
What is the millions digit of 308788314?
8
What is the hundred millions digit of 227919896?
2
What is the thousands digit of 589058248?
8
What is the hundreds digit of 92747637?
6
What is the ten thousands digit of 210269067?
6
What is the tens digit of 2214942439?
3
What is the ten thousands digit of 584182723?
8
What is the thousands digit of 109607877?
7
What is the units digit of 92170729?
9
What is the ten thousands digit of 91903721?
0
What is the millions digit of 58641636?
8
What is the ten thousands digit of 1100797758?
9
What is the thousands digit of 3040098838?
8
What is the tens digit of 30683803?
0
What is the ten millions digit of 13479797?
1
What is the thousands digit of 239265132?
5
What is the tens digit of 711480629?
2
What is the hundred thousands digit of 24792245?
7
What is the ten thousands digit of 2863982553?
8
What is the tens digit of 156391330?
3
What is the millions digit of 6371429659?
1
What is the hundreds digit of 4195567658?
6
What is the millions digit of 726657951?
6
What is the hundred millions digit of 525106241?
5
What is the hundreds digit of 1294856388?
3
What is the units digit of 12286595?
5
What is the ten thousands digit of 1932709229?
0
What is the units digit of 5445017502?
2
What is the thousands digit of 336510595?
0
What is the hundred millions digit of 1773700363?
7
What is the hundreds digit of 110074362?
3
What is the hundred millions digit of 5224022339?
2
What is the millions digit of 1854459427?
4
What is the ten thousands digit of 19551549?
5
What is the tens digit of 964944146?
4
What is the units digit of 907754987?
7
What is the thousands digit of 62319502?
9